 a*(18/10)/3. Suppose -4*m = -q*v + 529, 3*m + 163 = v - m. What are the prime factors of v?
3, 61
Suppose 9508 = 9*l + 51016. List the prime factors of (34/(-68))/(2/l).
1153
What are the prime factors of (548/184 - 3)*4 - (-1946088)/138?
2, 11, 641
Let f = -50408 - -102590. List the prime factors of f.
2, 3, 13, 223
Suppose 3*z + 4*v = 7*z, 0 = -z - 4*v + 15. Suppose 0 = -3*y + 3, -7*y + 2684 = 5*q - z*y. List the prime factors of q.
2, 67
Let s = 169 + 500. Suppose -j - 5*n = 12 - 249, -n + s = 3*j. What are the prime factors of j?
2, 3, 37
Let c be 4/(-8) - 44/(-8). Suppose -3*s - 2*o - 3*o + 15 = 0, 0 = s - 5*o - c. Suppose s*m + 126 = 8*m. What are the prime factors of m?
2, 3, 7
Let r(x) = 40*x**2 - 9*x - 18. Let c be r(-2). What are the prime factors of ((-248)/3)/(c/(-720))?
2, 3, 31
Suppose 0 = 2*k - 6*v + 4*v - 14, 4*v + 20 = 2*k. Suppose -2*l - 5*s + 507 = 0, -l - k*s = l - 512. What are the prime factors of l?
2, 7, 19
Let o be 28 + -38 + 1 + -2 + -4. List the prime factors of (4 - 635/o)*1*12.
2, 139
What are the prime factors of -3 + (-20367 + 0)*10/(-30)?
2, 3, 13, 29
Suppose 10 = -4*g + 22. Suppose -3*l + 5*y - y = -3, g*l - 18 = -y. Suppose -h + 1 = 0, -2*h + 88 + 284 = l*z. What are the prime factors of z?
2, 37
List the prime factors of 100/(-15)*3380847/(-452).
5, 9973
Suppose -b - 20 = b + 4*n, 2*n + 10 = 5*b. Suppose b = 4*g + 3*k - 385, 5*g + 3*k - 303 - 179 = 0. List the prime factors of g.
97
Suppose 7*a + 19*a - 54474 - 142866 = 0. What are the prime factors of a?
2, 3, 5, 11, 23
Suppose 3*d = -3*u + 29133, 4*u + 31563 = 3*d + 2416. List the prime factors of d.
11, 883
Suppose -20*o + 2*o + 263844 = -0*o. List the prime factors of o.
2, 3, 7, 349
Let a = 71 - 126. Let j = a - -61. Suppose 21 = j*g - 39. List the prime factors of g.
2, 5
Suppose 1155354 = 66*z + 36*z. List the prime factors of z.
47, 241
Let b be 4*(-4 - -7)/6. Suppose -b*g + 432 = 2*g. Suppose p + 5*r - 279 = -g, -4*r - 272 = -2*p. List the prime factors of p.
2, 73
Let y(k) = k**3 - 14*k**2 + 22*k + 8. Let i(a) = -a**2 + 12*a - 10. Let g be i(9). List the prime factors of y(g).
1249
Let l(i) = -3*i**2 - 3*i - 2. Let r be l(-2). Let w be 8/r + (0 - -3). Suppose -w*a + 22 = -3*y + 4*y, 2*y - 5*a - 53 = 0. What are the prime factors of y?
2, 3
Let l(t) = 29*t**3 - t**2 + 14*t - 114. List the prime factors of l(8).
2, 19, 389
Let n = -16 + 25. Suppose -v - 4 + n = 0. Suppose 675 = 5*k + d, 0*k + k + v*d - 135 = 0. List the prime factors of k.
3, 5
Suppose 4*t = 4, 3*g + 4*t + 2 = 12. Suppose 2*f + g*f - 200 = 0. Let o = 98 - f. List the prime factors of o.
2, 3
Let d(f) = f**3 + 15*f**2 + 15*f + 14. Let c be d(-14). Suppose 5*v - 2411 - 1849 = c. What are the prime factors of v?
2, 3, 71
Suppose -8*u - 21 = -93. Suppose -4344 = -u*o + o. What are the prime factors of o?
3, 181
Let w(b) be the first derivative of 7*b**2 + 58*b - 18. What are the prime factors of w(19)?
2, 3
Let z(t) = 42*t**2 - 8*t + 5. Let k(x) = 12*x - 51. Let y be k(4). List the prime factors of z(y).
11, 37
Let o(n) = 25*n - 246. Let q be o(10). Suppose 4*h = w + 4917, -q*h + 3685 = -h + 2*w. What are the prime factors of h?
1229
Suppose 2*t - 734 = 11*k - 13*k, 2*k - 4*t - 764 = 0. Let y = -9 + k. List the prime factors of y.
3, 11
Suppose -34745 + 97588 = 5*k - 3*h, -9*h = -5*k + 62849. List the prime factors of k.
2, 1571
Let y(b) = 4*b + 2. Let l be y(-3). Let j be (l/(-25))/(3/15). Suppose -3*c = 2*c - 2*m - 219, 90 = j*c - 2*m. List the prime factors of c.
43
List the prime factors of (-192671784)/(-2376) + (-2)/(-11).
83, 977
Let a = -89 - -95. Suppose a*y - 2*y = s - 18, -5*s = 5*y + 10. Suppose -5*c + 88 = -s*c - 2*f, -c + 34 = -3*f. List the prime factors of c.
2, 7
Let i(w) = -73*w + 5. Let y(j) = 292*j - 21. Let d(o) = 9*i(o) + 2*y(o). Let n(l) = 36*l - 1. Let u(b) = -3*d(b) - 5*n(b). What are the prime factors of u(6)?
2, 5, 23
Let j be (11 - 4) + -6 - -2. Suppose 4*r - 718 = -5*c, -j*r + 0*r + 283 = 2*c. List the prime factors of c.
2, 73
Let y be 12/(-1)*(-5)/10. Let q be ((-3)/y)/(1/(-14) - 0). Suppose -10*s + q*s = -414. List the prime factors of s.
2, 3, 23
Suppose -2*j + 153 = w, 2*w = -3*j - 72 + 379. What are the prime factors of w?
5, 31
Let j(l) = -l**3 - 3*l**2 - 8*l + 12. Suppose 2*b + 4*b - 150 = 0. Suppose -8*q = -3*q + b. List the prime factors of j(q).
2, 3, 17
Let u = 13219 + -8253. List the prime factors of u.
2, 13, 191
Let a = 79 + -102. Let k(j) = -8*j + 31. What are the prime factors of k(a)?
5, 43
Let o(b) = -b**2 - 4*b + 7. Let j be o(-5). Suppose j*y = -5*f - 19, f + 1 = y - 0. Let h = 6 - y. What are the prime factors of h?
2
Let u be (-846 - 0)/(8/(-3 - 1)). Let h = -58 + u. List the prime factors of h.
5, 73
Let k = 1009 + -38. Let a = 1382 - k. List the prime factors of a.
3, 137
Let r be 4/18 - 165/135 - -11. Let g(a) = -23*a**2 + 7 - r*a + a**3 + 16*a**2 + 13*a**2. List the prime factors of g(5).
2, 29
Let b = 10425 + -4578. What are the prime factors of b?
3, 1949
Suppose -6176 = -t + 17*t. Let c = -83 - t. List the prime factors of c.
3, 101
What are the prime factors of 8/(-1) - 19/(342/(-175230))?
71, 137
Let k = 19880 - 16020. What are the prime factors of k?
2, 5, 193
Let r = -321 + 327. What are the prime factors of 7846/12 - r/(-36)?
2, 3, 109
Suppose -104 = 17*a - 53. Let z(j) = -9*j**3 + 2*j**2 - 15*j - 1. What are the prime factors of z(a)?
5, 61
Let r(y) = -25*y**2 + 56*y**2 - y**3 + 2*y - 24*y**2 + 21. What are the prime factors of r(-6)?
3, 53
Let o = 233 - 119. Let w be (o/4)/(42/28). Suppose 6*z - 125 = w. List the prime factors of z.
2, 3
Let s be ((-3)/9*6)/((-2)/197). Suppose c = 3*k + s, 2*c + k + 810 = 6*c. List the prime factors of c.
7, 29
Suppose -6*y + 2*y + 4*b + 28 = 0, -2*b = -4*y + 22. List the prime factors of 2 - y/2 - (-425 + 6).
419
Let q be (-6766)/(-10) + (-4)/(-10). Suppose 0 = 4*o - 8*o - 5*a + q, -3*o = 2*a - 499. What are the prime factors of o?
163
Let p be (3 + 3/(-1))/2. Suppose -2*y = -4*k - 16, 2*y + p*y = k + 1. List the prime factors of 0 - (-120 + (y - -3)).
7, 17
Let o = 87656 + -49582. What are the prime factors of o?
2, 19037
Suppose -2768 = -19*p + 1412. Suppose 502 = 3*x - c, x - c + 50 = p. List the prime factors of x.
2, 83
Suppose 327 - 67 = 52*m. Suppose -5*i = 4*y - 2531, -1828 - 706 = -m*i - y. List the prime factors of i.
3, 13
Let l be -1 - 23 - (-6)/2. Let i be 7/l*(-1 + 304). Let z = i - -228. List the prime factors of z.
127
Let c be (-1 - -283)*1/6*-3. Let o = 716 - c. What are the prime factors of o?
857
Suppose 4*k + 0*f + 3*f = 43909, -3*f - 15 = 0. List the prime factors of k.
79, 139
Let g be 0/(8 - 4)*-1. Let b be 92/(-3)*1/(2/(-3)). Suppose 3*z - 2 - b = g. What are the prime factors of z?
2
Let r be 5*(-7)/70*(-1 + -15). Let k(n) = 15*n**2 + 15*n - 106. List the prime factors of k(r).
2, 487
Suppose -3*t + 1434 = 270. Let v = 71 + t. List the prime factors of v.
3, 17
Suppose 5*l = 5*c + 10, l = 3*l - 4*c. Suppose -4*b + 3916 = l*t, b = -t - 3*b + 985. List the prime factors of t.
977
Let j = -34 + 36. Suppose j*a = 2*t - 18, 54 = 3*a - 7*a - 2*t. List the prime factors of (-24)/32 + (-1065)/a.
2, 11
Let n(k) = -5*k - 18 - k**2 - 21*k - 8*k - 8. Let w be n(-20). Let d = -180 + w. List the prime factors of d.
2, 37
Let i = -3 - -4. Suppose -c = 1 - i. Suppose -5*r = 2*o - 251, 2*r - 100 = -c*r - o. List the prime factors of r.
3, 17
Let r(x) = 2*x + 1. Let b be r(2). Let p(y) = y**3 - 6*y**2 + 6*y + 1. Let s be p(b). Suppose -37 + s = -k. List the prime factors of k.
31
Let r = 7126 + -4068. What are the prime factors of r?
2, 11, 139
Let j = -11388 - -24574. What are the prime factors of j?
2, 19, 347
List the prime factors of ((-5994873)/1023)/(18/(-132)).
2, 21487
Let j(f) = 26*f - 593. List the prime factors of j(45).
577
Suppose -316*q = -307*q - 3996. What are the prime factors of q?
2, 3, 37
Let b(v) = -142*v**2 - 12*v - 12 + 157*v**2 - 53*v. List the prime factors of b(5).
2, 19
Let x(g) = 20*g - 77. Let a be x(3). What are the prime factors of a/(-3) + 7/(84/4)?
2, 3
Let o = -299 + 299. Suppose -1325 = -2*v + 3*s, -5*v + 6*s - 10*s + 3301 = o. What are the prime factors of v?
661
What are the prime factors of (-52782)/(-8) - 3 - (-312)/96?
2, 3299
Suppose -